= 5904*q**3 - q**2. Let x be 4/(-8) + 9/6. Is s(x) prime?
True
Suppose 6*g + 3580 = -11462. Let s = g - -3606. Is s a prime number?
False
Let a be (-5470)/(-5)*(-1)/(-2). Suppose -a + 212 = -5*t. Is t composite?
False
Let l(t) be the first derivative of -75*t**2/2 - 8*t - 39. Is l(-9) composite?
True
Suppose -v + 5 - 18 = 0. Let k = 15 + v. Suppose k*f = f + 51. Is f a composite number?
True
Suppose -4*l + 5*v + 15118 = 3761, 4*l - 11312 = -4*v. Is l a prime number?
True
Is (-540)/(1425/(-470) - -3) - -1 a prime number?
True
Let b(v) be the second derivative of v**5/20 + v**3/3 - 5*v**2/2 - 19*v. Is b(4) a composite number?
False
Let k(v) = -v**2 + 5*v + 5. Let t be k(5). Let r = -2 + t. Suppose 0 = r*q - 12 - 21. Is q a composite number?
False
Is (4/(-24))/((-9)/164646) composite?
False
Let x = -85131 - -174028. Is x a prime number?
True
Let j = 164 - 435. Let k = 448 - j. Is k a prime number?
True
Suppose 19907 = 9*u - 32212. Is u a prime number?
True
Let g be (-18)/(-21)*20272/24. Let k(u) = 70*u. Let f be k(4). Suppose -g - f = -4*r. Is r a prime number?
True
Suppose 2*r = -3*r + 3095. Is r composite?
False
Suppose 2*t - 6*t = 85284. Is 2/8 - t/12 a prime number?
True
Is (-5 - (0 - 3))/(12/(-14862)) a prime number?
True
Let t = 21 + -41. Is 4384/5 - 4/t a composite number?
False
Let m = 322 - -969. Is m prime?
True
Suppose 3*o + 10 = -2*o. Is (-6)/12 + (-479)/o a composite number?
False
Let a = -1360 + 10051. Is a composite?
True
Suppose 0 = j - 0 - 2. Suppose -j*b - b = -54. Is (-91)/(-4) - b/24 composite?
True
Let q = -155 + 340. Let g be (-3 + 4)*(0 - 0). Suppose -p = -g*p - q. Is p a prime number?
False
Suppose -j = 39 - 2313. Suppose -4*c - 3*z = -c - j, -1521 = -2*c - 3*z. Is c a prime number?
False
Let y(h) = 3*h - 3. Let g be y(-3). Let m be (g/(-10))/(32/80). Is (-693)/(-14) - m/(-2) composite?
True
Suppose 0*l + 3*l - 6 = 0. Suppose 5*q - 4*t + 5 = 0, 3*t - 16 = 3*q - 2*t. Suppose -q*g = -a - 158, -l*g = -g - 3*a - 50. Is g a composite number?
False
Suppose 0 = -2*w - 5*b + 14504, -14488 = -6*w + 4*w + 3*b. Is w prime?
True
Suppose u = 6*u - 52905. Is u a composite number?
True
Suppose 4*d - 78879 = -5*t, d - 29502 = 5*t - 108401. Is t a prime number?
False
Suppose 36 = -3*k + 15*k. Is 2454/4 - (21/(-6) + k) composite?
True
Suppose -14302 = -5*b - 3*p, 5*p + 7930 = 3*b - 658. Is b a composite number?
False
Let n(t) = 46*t + 19. Let i be n(-8). Let k = i - -906. Is k prime?
True
Let z(q) = -q**2 - 5*q + 8. Let s be z(-6). Let t(k) = 3*k - 22. Let h be t(18). Is h + s - (-2 - 1) a composite number?
False
Suppose -971*v = -963*v - 64784. Is v prime?
False
Is -1 + 12472 + (4 - 4)/(-8) a prime number?
False
Let p = -68 + 23. Is (-23385)/p*3*1 prime?
True
Suppose 9*r - 289179 = -14*r. Suppose -6*k = -15*k + r. Is k a prime number?
False
Let b(i) = -2 + i**2 - 3*i + 15*i**2 - 2*i**2. Let y be b(4). Suppose -9*t = y - 1272. Is t prime?
False
Let k(i) = -i**2 - 8 + i - i - i. Let c be k(0). Is 306 + 4/c*2 a prime number?
False
Let j = 2 + -1. Let l be (-1 + j - 0) + 19. Suppose -4*s = b - 86 - l, 0 = 5*b + 2*s - 489. Is b a prime number?
True
Let n = 7695 + -3752. Is n composite?
False
Let b(g) = 1 + 7 - 8 - 12*g. Let l be b(-4). Suppose 4*n - 36 = l. Is n composite?
True
Let u(x) = 1144*x**2 + 3*x - 1. Let r be u(1). Is (-3 + 2)/((-6)/r) composite?
False
Let x(m) = -m**3 - m + 0*m - 517 - 7*m**2 + 525. Is x(-15) prime?
True
Suppose 3*d + 3*v = 0, -2*v + 5 = 2*d - v. Suppose 0 = -4*y - 4*m + 16, d*y - 4*m - 43 = -14. Suppose 0 = -y*f + 6*f - 55. Is f composite?
True
Suppose -f + 60*s = 63*s - 11018, -4*f - 5*s + 44093 = 0. Is f a composite number?
False
Let f(x) = 131*x**3 - 2*x**2 + 2*x - 1. Let w be f(1). Suppose -3*s + w = -533. Is s a prime number?
False
Suppose 14854 - 2072 = 7*c. Suppose -5*f + 2639 = -c. Is f a composite number?
True
Let y be 6091/9 - (-10)/45. Let n = 1092 - y. Is n a prime number?
False
Suppose -3*w = 5*g - 0*w + 29, 0 = -4*w - 12. Is 5797/44 + 3/g a composite number?
False
Let u be (4932/16)/((-27)/72). Let c = 4256 + -2689. Let v = c + u. Is v a composite number?
True
Let k = 47 - 43. Suppose -8 = -4*a, -k*c + 373 = -c - 4*a. Is c prime?
True
Let l(c) = -210*c**3 - c**2 - 2*c - 1. Let g be l(-3). Let n = g - 3933. Is n a prime number?
True
Suppose -9482 = -2*g + 7664. Is g a composite number?
False
Let x(z) = z - 4. Let f be x(6). Suppose -m = -5*m - 20, f*m - 828 = -2*b. Is b composite?
False
Let p be (-139 - -1)/((-22)/16 - -1). Let d = p + -154. Is d prime?
False
Let d = 22 - 19. Suppose 0 = -d*q + 3*u - 8*u + 304, -3*u - 106 = -q. Is q a composite number?
False
Let r be (4/6)/((-2)/(-9)). Suppose 4*v + t = 17, 0 = 3*t - 2*t + r. Suppose 0*h - v*h + 2*j = -1111, 3*j = 3*h - 672. Is h a composite number?
True
Suppose 0 = 3*d - l - 9893, 4*d + 3*l - 13178 = -2*l. Suppose 4*h - 2634 = a, -4*h - h = a - d. Is h a prime number?
True
Suppose 0 = 5*o - 3*q + 18, -o + 3*q + 6 = -0*q. Let t be 2/(-4) - 27/o. Suppose -4*l - 8 = -3*n - n, -8 = -t*n + 5*l. Is n a composite number?
False
Suppose 4 - 1 = -b. Let y(x) = 106*x**2 - x - 2. Is y(b) a composite number?
True
Let z(f) = f**3 + 8*f**2 - 7*f - 1. Let o(p) = 8*p**3 - p**2 - p. Let b(x) = -3*x + 5. Let c be b(2). Let d be o(c). Is z(d) composite?
True
Let s(q) = -719*q + 1. Let z = -48 + 46. Is s(z) a composite number?
False
Is 8/14 + 102823/49 prime?
True
Suppose 0 = -212*q + 214*q + 8338. Is q/(-8) - (-2)/(-16) composite?
False
Let y = 11 - 5. Let p be (5/(-2))/(y/(-12)). Suppose 4*k + p*n = n + 544, -5*n - 660 = -5*k. Is k prime?
False
Let q be 100/30 + ((-2)/(-3) - 0). Suppose 4*t + 3*h = 7741, -5*h - 12584 = -q*t - 4803. Is t a composite number?
True
Suppose -8*o + 55 = 5*q - 4*o, -4*q + 44 = 4*o. Is ((-5)/(-1))/(q/979) composite?
True
Let k be 1/1*3 + 0. Let y be ((-7)/(-2) - k)*2696. Suppose -2*a + y = 2*g, -g - 4*a = -2*g + 699. Is g prime?
False
Suppose 5 = 5*o + 2*w - 5, -2*o - 10 = -2*w. Suppose 7*z - 2*z - 10 = o. Is -2 - (3 - 425)/z prime?
False
Let r be (-570)/75*(-5)/2. Let i = 0 + r. Is i a prime number?
True
Let r = 8900 - 5107. Is r a prime number?
True
Let u be -5 + 4 + -4 + -189. Is -52*u*3/24 a composite number?
True
Suppose -l = -55 - 5. Is (20/l)/(2/5826) prime?
True
Is (-4117 - (-9 - -3))*-1 prime?
True
Let z be (-2)/(-3*(-6)/(-27)). Suppose 0 = z*h + 2*h - 11180. Suppose -7*b = -2209 - h. Is b a prime number?
False
Suppose 0 = -90*s + 73*s + 576487. Is s a composite number?
False
Let q be (2 + -1)*((-18)/3)/6. Is 5 + (-3 - 3) - 1986/q prime?
False
Is (-13 - -8)*-1 + 3 + 13637 prime?
False
Let c = 14 - 18. Is -1*(-23*21 - c) prime?
True
Let m(i) = 166*i + 35. Let h(n) = 334*n + 70. Let u(k) = -4*h(k) + 9*m(k). Is u(4) a composite number?
True
Let z = -476 - 4. Let i be 3/(z/(-478) - 1). Suppose 0 = -2*t + o + 856 + i, -9 = 3*o. Is t a prime number?
False
Suppose 0 = 9*d + 693 + 3321. Let p = d + 877. Is p a prime number?
True
Suppose 23*k - 21*k = -2. Is ((-3302)/(-39))/(k/(-3)) prime?
False
Suppose 0 = -2*c - 8, -q + 655 = -4*c + 8*c. Is q a composite number?
True
Suppose -49*m + 69*m - 13620 = 0. Is m prime?
False
Suppose 39714 = -84*z + 90*z. Is z a prime number?
True
Let a(x) = 11*x**3 + 4*x**2 + 12*x - 23. Is a(6) prime?
False
Suppose -t = -3*r + 5, 4*t - 7*t = -2*r + 8. Let d be 4/(-1 + (-2)/(-3)). Is t/d + (-2838)/(-36) a prime number?
True
Let d(t) = 5331*t**2 - 17*t + 55. Is d(3) composite?
True
Let l = -2081 + 4018. Is l a composite number?
True
Let s = 16887 + -6880. Is s a composite number?
False
Is 1/((-3)/6) - -2055 a prime number?
True
Is 15/(-10) + (-39256)/48*-15 composite?
True
Suppose -x + 4 + 4 = 3*j, x + 20 = 4*j. Suppose -3*s - 2*s + 83 = -j*c, 0 = 4*s - 4*c - 68. Suppose r - s = 28. Is r composite?
False
Let c = 306 + -168. Let d = -130 + 130. Suppose m - 50 = 5*s + 84, d = -m + s + c. Is m composite?
False
Suppose 2*o - 10192 - 2998 = -p, -p = 3*o - 19783. Is o a prime number?
False
Let r(b) be the second derivative of -b**5/4 - b**4/3 + 5*b**3/6 + 9*b**2/2 - 2*b + 20. Let q be (-1 - (-2)/(-2)) + -3. Is r(q) a prime number?
True
Let w(t) = -15*t**3 - 6*t**2 - 6*t + 13. Is w(-6) a prime number?
False
Let o(c) = -113*c + 131. Is o(-6) a composite number?
False
Let r = 31484 + -21354. Is r/16 + -6 + (-188)/(-32) comp